{"id":14362,"date":"2014-12-05T02:36:34","date_gmt":"2014-12-05T02:36:34","guid":{"rendered":"http:\/\/dev.joomexp.com\/wordpress\/wp-suarez\/?page_id=2"},"modified":"2022-03-04T16:17:38","modified_gmt":"2022-03-04T16:17:38","slug":"sample-page-2","status":"publish","type":"page","link":"https:\/\/portal.soboasnovas.com.br\/?page_id=14362","title":{"rendered":"Doar"},"content":{"rendered":"<p>Uma das formas de apoiar e ajudar o Minist\u00e9rio S\u00f3 Boas Novas a continuar os projetos existentes e criar novos \u00e9 com sua doa\u00e7\u00e3o, ela pode ser feita via dep\u00f3sito banc\u00e1rio ou PIX.<strong><br \/>\n<\/strong><\/p>\n<p><strong>Conta para Dep\u00f3sito:<\/strong><\/p>\n<blockquote><p>BRADESCO\/237<br \/>\nAG\u00caNCIA: 7828<br \/>\nC\/C: 297853-9<br \/>\nJONAS DE SOUZA NETTO<br \/>\nCPF 040.427.348-39<\/p><\/blockquote>\n<p><strong>Doe com PIX: Email doar@live4jesus.com.br<\/strong><\/p>\n<p>Deus aben\u00e7oe voc\u00ea e seus sonhos!<\/p>\n","protected":false},"excerpt":{"rendered":"<p>Uma das formas de apoiar e ajudar o Minist\u00e9rio S\u00f3 Boas Novas a continuar os projetos existentes e criar novos \u00e9 com sua doa\u00e7\u00e3o, ela pode ser feita via dep\u00f3sito banc\u00e1rio ou PIX. Conta para Dep\u00f3sito: BRADESCO\/237 AG\u00caNCIA: 7828 C\/C: 297853-9 JONAS DE SOUZA NETTO CPF 040.427.348-39 Doe com PIX: Email doar@live4jesus.com.br Deus aben\u00e7oe voc\u00ea [&hellip;]<\/p>\n","protected":false},"author":1,"featured_media":17282,"parent":0,"menu_order":0,"comment_status":"open","ping_status":"open","template":"","meta":{"footnotes":""},"class_list":["post-14362","page","type-page","status-publish","has-post-thumbnail","hentry"],"_links":{"self":[{"href":"https:\/\/portal.soboasnovas.com.br\/index.php?rest_route=\/wp\/v2\/pages\/14362","targetHints":{"allow":["GET"]}}],"collection":[{"href":"https:\/\/portal.soboasnovas.com.br\/index.php?rest_route=\/wp\/v2\/pages"}],"about":[{"href":"https:\/\/portal.soboasnovas.com.br\/index.php?rest_route=\/wp\/v2\/types\/page"}],"author":[{"embeddable":true,"href":"https:\/\/portal.soboasnovas.com.br\/index.php?rest_route=\/wp\/v2\/users\/1"}],"replies":[{"embeddable":true,"href":"https:\/\/portal.soboasnovas.com.br\/index.php?rest_route=%2Fwp%2Fv2%2Fcomments&post=14362"}],"version-history":[{"count":7,"href":"https:\/\/portal.soboasnovas.com.br\/index.php?rest_route=\/wp\/v2\/pages\/14362\/revisions"}],"predecessor-version":[{"id":17402,"href":"https:\/\/portal.soboasnovas.com.br\/index.php?rest_route=\/wp\/v2\/pages\/14362\/revisions\/17402"}],"wp:featuredmedia":[{"embeddable":true,"href":"https:\/\/portal.soboasnovas.com.br\/index.php?rest_route=\/wp\/v2\/media\/17282"}],"wp:attachment":[{"href":"https:\/\/portal.soboasnovas.com.br\/index.php?rest_route=%2Fwp%2Fv2%2Fmedia&parent=14362"}],"curies":[{"name":"wp","href":"https:\/\/api.w.org\/{rel}","templated":true}]}}